{"id":49,"date":"2009-04-23T20:51:01","date_gmt":"2009-04-23T18:51:01","guid":{"rendered":"http:\/\/schildwach-hexen.de\/?page_id=49"},"modified":"2026-03-01T09:56:05","modified_gmt":"2026-03-01T08:56:05","slug":"links","status":"publish","type":"page","link":"https:\/\/schildwach-hexen.de\/?page_id=49","title":{"rendered":"Links"},"content":{"rendered":"<p><strong>Bilfingen<\/strong><\/p>\n<p><a href=\"http:\/\/www.kaempfelbach.de\" target=\"_blank\" rel=\"noopener\">Gemeinde K\u00e4mpfelbach<\/a><\/p>\n<p><a href=\"http:\/\/www.nb-kakadu.de\" target=\"_blank\" rel=\"noopener\">Narrenbund Kakadu Bilfingen<\/a><\/p>\n<p><a href=\"http:\/\/www.maeddich.de\" target=\"_blank\" rel=\"noopener\">Bilfinger M\u00e4ddich B\u00fchne<\/a><\/p>\n<p><strong>Um Bilfingen herum<\/strong><\/p>\n<p><a href=\"http:\/\/www.keltereckesel.de\/\" target=\"_blank\" rel=\"noopener\">Keltereckesel Wilferdingen<\/a><\/p>\n<p><a href=\"http:\/\/www.schellau.de\" target=\"_blank\" rel=\"noopener\">Narrenbund Schellau Schellbronn<\/a><\/p>\n<p><a href=\"http:\/\/www.spassvoegel-singen.de\/\" target=\"_blank\" rel=\"noopener\">Carnevals Gesellschaft &#8222;Spa\u00dfv\u00f6gel&#8220; Singen<\/a><\/p>\n<p><strong>Hinweis<\/strong><\/p>\n<p>Mit Urteil vom 12. Mai 1998 hat das Landgericht Hamburg entschieden, dass man durch die Ausbringung eines Links die Inhalte der gelinkten Seite gegebenenfalls mit zu verantworten hat. Dies kann, so das LG, nur dadurch verhindert werden, indem man sich ausdr\u00fccklich von diesen Inhalten distanziert. Wir haben auf unseren Seiten Links zu anderen Seiten im Internet gelegt. F\u00fcr alle diese Links gilt, dass wir keinerlei Einfluss auf die Gestaltung und die Inhalte der gelinkten Seiten haben. Deshalb distanzieren wir uns hiermit ausdr\u00fccklich von allen Inhalten aller gelinkten Seiten auf unserer Internetpr\u00e4senz und machen uns diese Inhalte nicht zu eigen. Diese Erkl\u00e4rung gilt f\u00fcr alle auf unserer Internetpr\u00e4senz angezeigten Links und f\u00fcr alle Inhalte der Seiten, zu denen die bei uns angemeldeten Banner und Links f\u00fchren.<\/p>\n<p><a href=\"http:\/\/schildwach-hexen.de\/wp-content\/uploads\/2011\/09\/swh11uzfr26.jpg\"><img loading=\"lazy\" decoding=\"async\" class=\"alignleft size-medium wp-image-270\" title=\"swh11uzfr26\" src=\"http:\/\/schildwach-hexen.de\/wp-content\/uploads\/2011\/09\/swh11uzfr26-e1316361357976-225x300.jpg\" alt=\"\" width=\"225\" height=\"300\" srcset=\"https:\/\/schildwach-hexen.de\/wp-content\/uploads\/2011\/09\/swh11uzfr26-e1316361357976-225x300.jpg 225w, https:\/\/schildwach-hexen.de\/wp-content\/uploads\/2011\/09\/swh11uzfr26-e1316361357976-768x1024.jpg 768w\" sizes=\"auto, (max-width: 225px) 100vw, 225px\" \/><\/a><\/p>\n","protected":false},"excerpt":{"rendered":"<p>Bilfingen Gemeinde K\u00e4mpfelbach Narrenbund Kakadu Bilfingen Bilfinger M\u00e4ddich B\u00fchne Um Bilfingen herum Keltereckesel Wilferdingen Narrenbund Schellau Schellbronn Carnevals Gesellschaft &#8222;Spa\u00dfv\u00f6gel&#8220; Singen Hinweis Mit Urteil vom 12. Mai 1998 hat das Landgericht Hamburg entschieden, dass man durch die Ausbringung eines Links die Inhalte der gelinkten Seite gegebenenfalls mit zu verantworten hat. Dies kann, so das LG, [&hellip;]<\/p>\n","protected":false},"author":1,"featured_media":0,"parent":0,"menu_order":10,"comment_status":"closed","ping_status":"closed","template":"","meta":{"footnotes":""},"class_list":["post-49","page","type-page","status-publish","hentry"],"_links":{"self":[{"href":"https:\/\/schildwach-hexen.de\/index.php?rest_route=\/wp\/v2\/pages\/49","targetHints":{"allow":["GET"]}}],"collection":[{"href":"https:\/\/schildwach-hexen.de\/index.php?rest_route=\/wp\/v2\/pages"}],"about":[{"href":"https:\/\/schildwach-hexen.de\/index.php?rest_route=\/wp\/v2\/types\/page"}],"author":[{"embeddable":true,"href":"https:\/\/schildwach-hexen.de\/index.php?rest_route=\/wp\/v2\/users\/1"}],"replies":[{"embeddable":true,"href":"https:\/\/schildwach-hexen.de\/index.php?rest_route=%2Fwp%2Fv2%2Fcomments&post=49"}],"version-history":[{"count":15,"href":"https:\/\/schildwach-hexen.de\/index.php?rest_route=\/wp\/v2\/pages\/49\/revisions"}],"predecessor-version":[{"id":2481,"href":"https:\/\/schildwach-hexen.de\/index.php?rest_route=\/wp\/v2\/pages\/49\/revisions\/2481"}],"wp:attachment":[{"href":"https:\/\/schildwach-hexen.de\/index.php?rest_route=%2Fwp%2Fv2%2Fmedia&parent=49"}],"curies":[{"name":"wp","href":"https:\/\/api.w.org\/{rel}","templated":true}]}}