{"id":2455,"date":"2026-01-16T18:26:12","date_gmt":"2026-01-16T17:26:12","guid":{"rendered":"https:\/\/schildwach-hexen.de\/?page_id=2455"},"modified":"2026-03-21T16:32:33","modified_gmt":"2026-03-21T15:32:33","slug":"grosser-hexenrat-20-03-2026","status":"publish","type":"page","link":"https:\/\/schildwach-hexen.de\/?page_id=2455","title":{"rendered":"Gro\u00dfer Hexenrat 20.03.2026"},"content":{"rendered":"<p>Zum sechsundzwanzigsten Mal versammelte sich am Freitag, 20. M\u00e4rz 2026, der Gro\u00dfe Hexenrat der Narrenzunft Schildwach-Hexen Bilfingen im Bilfinger Haus der Vereine. Die Erste Zunftmeisterin Sabine Hofmann begr\u00fc\u00dfte die zahlreich erschienenen Mitglieder der Schildwach-Hexen und bedankte sich f\u00fcr das Engagement in der zu Ende gegangenen Kampagne.<\/p>\n<p>Textehexe Marco Frei listete noch einmal die Aktivit\u00e4ten der Kampagne auf, an deren Spitze die Umz\u00fcge in Brackenheim, Gr\u00f6tzingen, Ersingen, Freiburg und vor allem Bilfingen standen. Der selbst ausgerichtete Hexenball und der Bilfinger Weihnachtsmarkt bildeten weitere besondere H\u00f6hepunkte. Talerhexe Yvonne Schubert vermeldete anschlie\u00dfend den finanziellen Lagebericht, in dem sich das Engagement aller Mitglieder noch einmal in besonderer Weise ausdr\u00fcckt. Die Kassenpr\u00fcfer bescheinigten ihr eine einwandfreie F\u00fchrung der Kasse und beantragten die Entlastung der Talerhexe, die von der Versammlung ebenso wie die Entlastung des gesamten Hexenrates einstimmig erteilt wurde. Anschlie\u00dfend wurden die Probehexen Jannes Lamprecht, Ben Boj und Matthias Schaaf offiziell als aktive Hexen bei der Narrenzunft aufgenommen. Zudem wurden Dorit Stumpe, Philipp Asmuth, Stefan Schmid und Elena Seyffarth f\u00fcr 22 Jahre Mitgliedschaft zu Ehrenhexen ernannt.<\/p>\n<p>Bei den turnusgem\u00e4\u00df anstehenden Neuwahlen wurden Ralf Wessinger als Zweiter Zunftmeister, Marco Frei als Textehexe, Kira Seyffarth als Ausflugshexe, Jessica Anselment als Tanzhexe und Claudia Ehinger als Kassenpr\u00fcferin in ihren \u00c4mtern best\u00e4tigt. Andreas Kolb wurde zur neuen Bauhexe gew\u00e4hlt.<\/p>\n<p>Auf Antrag des Hexenrates stimmten die Anwesenden einer Anpassung der Mitgliedsbeitr\u00e4ge zu. Nach der Diskussion weiterer wichtiger Punkte und der Terminplanung f\u00fcr das kommende Jahr schloss der Gro\u00dfe Hexenrat.<\/p>\n<div id=\"attachment_2499\" style=\"width: 310px\" class=\"wp-caption alignnone\"><img loading=\"lazy\" decoding=\"async\" aria-describedby=\"caption-attachment-2499\" class=\"size-medium wp-image-2499\" src=\"https:\/\/schildwach-hexen.de\/wp-content\/uploads\/\/2026\/03\/swh26grhr2-300x225.jpg\" alt=\"\" width=\"300\" height=\"225\" srcset=\"https:\/\/schildwach-hexen.de\/wp-content\/uploads\/2026\/03\/swh26grhr2-300x225.jpg 300w, https:\/\/schildwach-hexen.de\/wp-content\/uploads\/2026\/03\/swh26grhr2-1024x768.jpg 1024w, https:\/\/schildwach-hexen.de\/wp-content\/uploads\/2026\/03\/swh26grhr2-768x576.jpg 768w, https:\/\/schildwach-hexen.de\/wp-content\/uploads\/2026\/03\/swh26grhr2-1536x1152.jpg 1536w, https:\/\/schildwach-hexen.de\/wp-content\/uploads\/2026\/03\/swh26grhr2-2048x1536.jpg 2048w\" sizes=\"auto, (max-width: 300px) 100vw, 300px\" \/><p id=\"caption-attachment-2499\" class=\"wp-caption-text\">Matthias Schaaf, Jannes Lamprecht und Ben Boj bekommen von Sabine Hofmann ihre Aufnahmeurkunde<\/p><\/div>\n<div id=\"attachment_2500\" style=\"width: 310px\" class=\"wp-caption alignnone\"><img loading=\"lazy\" decoding=\"async\" aria-describedby=\"caption-attachment-2500\" class=\"size-medium wp-image-2500\" src=\"https:\/\/schildwach-hexen.de\/wp-content\/uploads\/\/2026\/03\/swh26grhr3-300x225.jpg\" alt=\"\" width=\"300\" height=\"225\" srcset=\"https:\/\/schildwach-hexen.de\/wp-content\/uploads\/2026\/03\/swh26grhr3-300x225.jpg 300w, https:\/\/schildwach-hexen.de\/wp-content\/uploads\/2026\/03\/swh26grhr3-1024x768.jpg 1024w, https:\/\/schildwach-hexen.de\/wp-content\/uploads\/2026\/03\/swh26grhr3-768x576.jpg 768w, https:\/\/schildwach-hexen.de\/wp-content\/uploads\/2026\/03\/swh26grhr3-1536x1152.jpg 1536w, https:\/\/schildwach-hexen.de\/wp-content\/uploads\/2026\/03\/swh26grhr3-2048x1536.jpg 2048w\" sizes=\"auto, (max-width: 300px) 100vw, 300px\" \/><p id=\"caption-attachment-2500\" class=\"wp-caption-text\">Philipp Asmuth, Stefan Schmid und Dorit Stumpe werden zu Ehrenhexen der Schildwach-Hexen ernannt. Es fehlt Elena Seyffarth<\/p><\/div>\n<div id=\"attachment_2501\" style=\"width: 310px\" class=\"wp-caption alignnone\"><img loading=\"lazy\" decoding=\"async\" aria-describedby=\"caption-attachment-2501\" class=\"size-medium wp-image-2501\" src=\"https:\/\/schildwach-hexen.de\/wp-content\/uploads\/\/2026\/03\/swh26grhr4-300x225.jpg\" alt=\"\" width=\"300\" height=\"225\" srcset=\"https:\/\/schildwach-hexen.de\/wp-content\/uploads\/2026\/03\/swh26grhr4-300x225.jpg 300w, https:\/\/schildwach-hexen.de\/wp-content\/uploads\/2026\/03\/swh26grhr4-1024x768.jpg 1024w, https:\/\/schildwach-hexen.de\/wp-content\/uploads\/2026\/03\/swh26grhr4-768x576.jpg 768w, https:\/\/schildwach-hexen.de\/wp-content\/uploads\/2026\/03\/swh26grhr4-1536x1152.jpg 1536w, https:\/\/schildwach-hexen.de\/wp-content\/uploads\/2026\/03\/swh26grhr4-2048x1536.jpg 2048w\" sizes=\"auto, (max-width: 300px) 100vw, 300px\" \/><p id=\"caption-attachment-2501\" class=\"wp-caption-text\">Der aktuelle Hexenrat im Jahr 2026. Es fehlen Andreas Kolb und Kira Seyffarth<\/p><\/div>\n","protected":false},"excerpt":{"rendered":"<p>Zum sechsundzwanzigsten Mal versammelte sich am Freitag, 20. M\u00e4rz 2026, der Gro\u00dfe Hexenrat der Narrenzunft Schildwach-Hexen Bilfingen im Bilfinger Haus der Vereine. Die Erste Zunftmeisterin Sabine Hofmann begr\u00fc\u00dfte die zahlreich erschienenen Mitglieder der Schildwach-Hexen und bedankte sich f\u00fcr das Engagement in der zu Ende gegangenen Kampagne. Textehexe Marco Frei listete noch einmal die Aktivit\u00e4ten der [&hellip;]<\/p>\n","protected":false},"author":4,"featured_media":0,"parent":6,"menu_order":0,"comment_status":"closed","ping_status":"closed","template":"","meta":{"footnotes":""},"class_list":["post-2455","page","type-page","status-publish","hentry"],"_links":{"self":[{"href":"https:\/\/schildwach-hexen.de\/index.php?rest_route=\/wp\/v2\/pages\/2455","targetHints":{"allow":["GET"]}}],"collection":[{"href":"https:\/\/schildwach-hexen.de\/index.php?rest_route=\/wp\/v2\/pages"}],"about":[{"href":"https:\/\/schildwach-hexen.de\/index.php?rest_route=\/wp\/v2\/types\/page"}],"author":[{"embeddable":true,"href":"https:\/\/schildwach-hexen.de\/index.php?rest_route=\/wp\/v2\/users\/4"}],"replies":[{"embeddable":true,"href":"https:\/\/schildwach-hexen.de\/index.php?rest_route=%2Fwp%2Fv2%2Fcomments&post=2455"}],"version-history":[{"count":5,"href":"https:\/\/schildwach-hexen.de\/index.php?rest_route=\/wp\/v2\/pages\/2455\/revisions"}],"predecessor-version":[{"id":2502,"href":"https:\/\/schildwach-hexen.de\/index.php?rest_route=\/wp\/v2\/pages\/2455\/revisions\/2502"}],"up":[{"embeddable":true,"href":"https:\/\/schildwach-hexen.de\/index.php?rest_route=\/wp\/v2\/pages\/6"}],"wp:attachment":[{"href":"https:\/\/schildwach-hexen.de\/index.php?rest_route=%2Fwp%2Fv2%2Fmedia&parent=2455"}],"curies":[{"name":"wp","href":"https:\/\/api.w.org\/{rel}","templated":true}]}}