{"id":2178,"date":"2023-01-14T09:14:28","date_gmt":"2023-01-14T08:14:28","guid":{"rendered":"https:\/\/schildwach-hexen.de\/?page_id=2178"},"modified":"2023-04-17T20:06:20","modified_gmt":"2023-04-17T19:06:20","slug":"grosser-hexenrat-14-04-2023","status":"publish","type":"page","link":"https:\/\/schildwach-hexen.de\/?page_id=2178","title":{"rendered":"Gro\u00dfer Hexenrat 14.04.2023"},"content":{"rendered":"<p>Zum dreiundzwanzigsten Mal versammelte sich am Freitag, 14. April 2023, der Gro\u00dfe Hexenrat der Narrenzunft Schildwach-Hexen Bilfingen im Bilfinger Haus der Vereine. Die Erste Zunftmeisterin Sabine Hofmann begr\u00fc\u00dfte die zahlreich erschienenen Mitglieder der Schildwach-Hexen und bedankte sich f\u00fcr das Engagement in der zu Ende gegangenen Kampagne. Durch eine Schweigeminute wurde der verstorbenen Ehrenhexe Hans-Peter Heidt gedacht.<\/p>\n<p>Textehexe Marco Frei listete noch einmal die Aktivit\u00e4ten der Kampagne auf, an deren Spitze die Umz\u00fcge in Brackenheim, Gr\u00f6tzingen, Ersingen, Freiburg und vor allem Bilfingen standen. Der selbst ausgerichtete Hexenball und der Bilfinger Weihnachtsmarkt bildeten weitere besondere H\u00f6hepunkte. Talerhexe Yvonne Schubert vermeldete anschlie\u00dfend ihren positiven finanziellen Lagebericht, in dem sich das Engagement aller Mitglieder noch einmal in besonderer Weise ausdr\u00fcckt. Die Kassenpr\u00fcfer bescheinigten ihr eine einwandfreie F\u00fchrung der Kasse und beantragten die Entlastung der Talerhexe, die von der Versammlung ebenso wie die Entlastung des gesamten Hexenrates einstimmig erteilt wurde. Anschlie\u00dfend wurde die Probehexen Christine und Andreas Kolb offiziell als aktive Hexen bei der Narrenzunft aufgenommen.<\/p>\n<p>Bei den turnusgem\u00e4\u00df anstehenden Neuwahlen wurden Sabine Hofmann als Erste Zunftmeisterin, Yvonne Schubert als Talerhexe, Bettina Piaskovy-Otto als Stoffhexe und Dorit Stumpe als Kassenpr\u00fcferin in ihren \u00c4mtern best\u00e4tigt.<\/p>\n<p>Nach der Diskussion weiterer wichtiger Punkte und der Terminplanung f\u00fcr das kommende Jahr schloss der Gro\u00dfe Hexenrat.<\/p>\n<div id=\"attachment_2224\" style=\"width: 310px\" class=\"wp-caption alignnone\"><img loading=\"lazy\" decoding=\"async\" aria-describedby=\"caption-attachment-2224\" class=\"size-medium wp-image-2224\" src=\"https:\/\/schildwach-hexen.de\/wp-content\/uploads\/\/2023\/04\/swh23ghr2-300x225.jpg\" alt=\"\" width=\"300\" height=\"225\" srcset=\"https:\/\/schildwach-hexen.de\/wp-content\/uploads\/2023\/04\/swh23ghr2-300x225.jpg 300w, https:\/\/schildwach-hexen.de\/wp-content\/uploads\/2023\/04\/swh23ghr2-1024x768.jpg 1024w, https:\/\/schildwach-hexen.de\/wp-content\/uploads\/2023\/04\/swh23ghr2-768x576.jpg 768w, https:\/\/schildwach-hexen.de\/wp-content\/uploads\/2023\/04\/swh23ghr2-1536x1152.jpg 1536w, https:\/\/schildwach-hexen.de\/wp-content\/uploads\/2023\/04\/swh23ghr2-2048x1536.jpg 2048w\" sizes=\"auto, (max-width: 300px) 100vw, 300px\" \/><p id=\"caption-attachment-2224\" class=\"wp-caption-text\">Christine und Andreas Kolb bekommen von Sabine Hofmann ihre Aufnahmeurkunde<\/p><\/div>\n<div id=\"attachment_2225\" style=\"width: 310px\" class=\"wp-caption alignnone\"><img loading=\"lazy\" decoding=\"async\" aria-describedby=\"caption-attachment-2225\" class=\"size-medium wp-image-2225\" src=\"https:\/\/schildwach-hexen.de\/wp-content\/uploads\/\/2023\/04\/swh23ghr3-300x225.jpg\" alt=\"\" width=\"300\" height=\"225\" srcset=\"https:\/\/schildwach-hexen.de\/wp-content\/uploads\/2023\/04\/swh23ghr3-300x225.jpg 300w, https:\/\/schildwach-hexen.de\/wp-content\/uploads\/2023\/04\/swh23ghr3-1024x768.jpg 1024w, https:\/\/schildwach-hexen.de\/wp-content\/uploads\/2023\/04\/swh23ghr3-768x576.jpg 768w, https:\/\/schildwach-hexen.de\/wp-content\/uploads\/2023\/04\/swh23ghr3-1536x1152.jpg 1536w, https:\/\/schildwach-hexen.de\/wp-content\/uploads\/2023\/04\/swh23ghr3-2048x1536.jpg 2048w\" sizes=\"auto, (max-width: 300px) 100vw, 300px\" \/><p id=\"caption-attachment-2225\" class=\"wp-caption-text\">Der aktuelle Hexenrat im Jahr 2023<\/p><\/div>\n","protected":false},"excerpt":{"rendered":"<p>Zum dreiundzwanzigsten Mal versammelte sich am Freitag, 14. April 2023, der Gro\u00dfe Hexenrat der Narrenzunft Schildwach-Hexen Bilfingen im Bilfinger Haus der Vereine. Die Erste Zunftmeisterin Sabine Hofmann begr\u00fc\u00dfte die zahlreich erschienenen Mitglieder der Schildwach-Hexen und bedankte sich f\u00fcr das Engagement in der zu Ende gegangenen Kampagne. Durch eine Schweigeminute wurde der verstorbenen Ehrenhexe Hans-Peter Heidt [&hellip;]<\/p>\n","protected":false},"author":4,"featured_media":0,"parent":6,"menu_order":0,"comment_status":"closed","ping_status":"closed","template":"","meta":{"footnotes":""},"class_list":["post-2178","page","type-page","status-publish","hentry"],"_links":{"self":[{"href":"https:\/\/schildwach-hexen.de\/index.php?rest_route=\/wp\/v2\/pages\/2178","targetHints":{"allow":["GET"]}}],"collection":[{"href":"https:\/\/schildwach-hexen.de\/index.php?rest_route=\/wp\/v2\/pages"}],"about":[{"href":"https:\/\/schildwach-hexen.de\/index.php?rest_route=\/wp\/v2\/types\/page"}],"author":[{"embeddable":true,"href":"https:\/\/schildwach-hexen.de\/index.php?rest_route=\/wp\/v2\/users\/4"}],"replies":[{"embeddable":true,"href":"https:\/\/schildwach-hexen.de\/index.php?rest_route=%2Fwp%2Fv2%2Fcomments&post=2178"}],"version-history":[{"count":4,"href":"https:\/\/schildwach-hexen.de\/index.php?rest_route=\/wp\/v2\/pages\/2178\/revisions"}],"predecessor-version":[{"id":2226,"href":"https:\/\/schildwach-hexen.de\/index.php?rest_route=\/wp\/v2\/pages\/2178\/revisions\/2226"}],"up":[{"embeddable":true,"href":"https:\/\/schildwach-hexen.de\/index.php?rest_route=\/wp\/v2\/pages\/6"}],"wp:attachment":[{"href":"https:\/\/schildwach-hexen.de\/index.php?rest_route=%2Fwp%2Fv2%2Fmedia&parent=2178"}],"curies":[{"name":"wp","href":"https:\/\/api.w.org\/{rel}","templated":true}]}}